a - 2*a = 4*h + 2, -2*h + r*a = 6. Let i = -2 + h. Let l(s) = s - 8. Give l(i).
-8
Suppose 45 = 5*u + 10. Let l be (0 - 1)/(2/(-4)). Let w(j) = -j**2 + 1. Let y(f) = f**3 - 9*f**2 + 2*f - 2. Let m(n) = l*w(n) - y(n). Determine m(u).
-10
Let f(t) = -t**2 - t - 4. Suppose 3*a + 2*k - 8 = 0, 2*k = 10 - 2. Let q be (-1 + 5 + -3)*a. Let v be (-5 + 1 - -5)*q. Calculate f(v).
-4
Let g = 2 + -2. Let q(o) = -4 + 6 - o**2 - 26*o - 30*o + 8 + o**3 + 55*o. Determine q(g).
10
Let h = -21/22 - -53/44. Let l(c) be the first derivative of -5 + 0*c + h*c**4 + 0*c**3 + 0*c**2. What is l(-1)?
-1
Let n(r) = r**3 + 10*r**2 + 8*r - 9. Let s = 13 - 22. Let c be n(s). Let l(o) = -o - 11. Give l(c).
-11
Let a(r) = r**3 + 6*r**2 + 4*r + 9. Suppose -10*q - 14 - 46 = 0. Give a(q).
-15
Suppose -3*c = 38*c + 205. Let f(w) = w**2 + 5*w + 3. What is f(c)?
3
Let l(g) = -5*g**2 - 3*g**2 - 2*g**3 - 3 + g**2 + g**3 + 7*g. Let j = 183 - 191. What is l(j)?
5
Let h(s) = 2*s + 0*s + 4*s - 5*s. Suppose 4*g = 8 + 20. Suppose 4*d - g = 5. What is h(d)?
3
Let o(i) = -i**3 - 3*i**2 + i + 3. Let s(w) = w**3 + 6*w**2 + 4*w - 5. Let q be s(-5). Calculate o(q).
3
Let b = -16 + 20. Let j be ((-25)/(-10))/(-1 - (-6)/b). Let v(y) = y**2 - 10*y - 1. Calculate v(j).
-26
Let a(s) = -4*s**2 - 24*s - 13. Let k(n) = -2*n**2 - n - 3. Let i(p) = a(p) - k(p). Calculate i(-11).
1
Let s(g) = g + 17. Let c(f) = f. Let l(t) = -2*c(t) + s(t). Let a(w) = 9. Let b(j) = 5*a(j) - 3*l(j). Determine b(4).
6
Let t(i) be the third derivative of -i**5/60 + 3*i**4/8 - i**3/6 - 2*i**2 - 20. Calculate t(7).
13
Let g(o) = -2*o - 13. Let i be 150/(-21) - (-24)/21. Determine g(i).
-1
Let n(c) = -c**2 + c + 5. Let i(h) = h**2 - 2*h - 4. Let r(w) = -2*i(w) - 3*n(w). Let u = -24 + 2. Let q = 22 + u. Give r(q).
-7
Let n(s) = 3*s + 9. Let g be 1/(54/(-14) - -4). Let p(k) = -3*k - 8. Let u(d) = g*p(d) + 6*n(d). Give u(-2).
4
Let o(q) be the second derivative of 5*q**3/6 - 5*q**2/2 - 71*q. Give o(-3).
-20
Let s(j) = 4*j + 0*j - 3 - 3*j. Suppose 0 = i + 2, -3*l + 5*i + 20 = -2. Calculate s(l).
1
Let r(l) = -8*l - 1. Let q be (-65)/(-35) + 2/14. Let b = q - 1. Let g be (2 - b)*1*-1. Calculate r(g).
7
Let i(o) = 6 + 3 - 5 - 4*o + 6*o. Suppose -3*s + 3 = -3. Suppose 3*q + 5*z - 2*z + 15 = 0, 19 = -5*q - s*z. Calculate i(q).
-2
Let v(j) = -11*j**3 + 20*j**2 + 4*j + 23. Suppose -2*m - 6*m - 24 = 0. Let w(k) = -4*k**3 + 7*k**2 + k + 8. Let t(r) = m*v(r) + 8*w(r). What is t(4)?
-21
Let n(d) = d + 7. Suppose -4*t + 837 = 837. What is n(t)?
7
Suppose 12*q - 18 = 9*q. Let g(d) = -2 - q*d**2 - 10*d + 0*d**2 + 7*d**2 + 2*d. Give g(8).
-2
Let s(i) = i + 10. Let v be s(-7). Let q = v - 0. Suppose 2*o - 2*z + q = -9, 12 = -5*o - 4*z. Let m(n) = -n**3 - 3*n**2 + 2*n + 1. Calculate m(o).
9
Let o(c) = c + 5. Suppose 4*g + 112 = 148. What is o(g)?
14
Let d(q) = -q**3 - 9*q**2 - 2. Let f = 72 + -67. Suppose f*j = -2*n - 55, n + 4*n = -3*j - 52. Determine d(j).
-2
Let t(i) = i**3 - 6*i**2 - 5*i - 8. Suppose 871*n - 878*n + 49 = 0. Determine t(n).
6
Let h(d) = 5*d - 129. Let o be h(25). Let f(t) = t + 5. Give f(o).
1
Let g be (-2)/4 + 2/(-4). Let b(w) = -w - 5. Let k(n) = -25*n - 100. Let z(x) = 20*b(x) - k(x). Determine z(g).
-5
Let h be 2/(25/(-10) - -3). Let n(p) = 4*p + 5. Determine n(h).
21
Let t(m) = m + 2. Let o(z) = z + 1. Let y(i) = -2*o(i) + t(i). Let d be 8 + -7 + (2 - -1). Suppose d = -j + 1. Determine y(j).
3
Let t(h) be the first derivative of h**5/60 - h**3/6 + 3*h**2/2 - 13. Let x(j) be the second derivative of t(j). What is x(-3)?
8
Let l(a) = -a - 2*a - 6*a - 5 + 6*a. Let r = 1 + -5. Let f = 0 + r. Give l(f).
7
Let y(t) = -4*t - 1. Let a = 479 + -477. Determine y(a).
-9
Let m = 1 - -1. Let g be 1*1/2 + (-55)/(-22). Let c(v) = m*v + 5 + 0*v - g - 5. What is c(6)?
9
Let g(z) = 7*z**2 - 5*z + 5. Let f(u) = -u**3 + 38*u**2 + 124*u - 40. Let p be f(41). What is g(p)?
7
Let z(s) = 2*s - 5. Let o(q) = 3*q - 9. Let g(d) = 3*o(d) - 5*z(d). Suppose -15*a - 49 = 41. Give g(a).
4
Suppose 0 = -6*r - 169 + 121. Let l(i) = i**2 + 6*i - 9. Give l(r).
7
Let c(i) = -6*i - 7*i + 16*i + 7. Let n be 194/(-38) + 2/19. What is c(n)?
-8
Let z(c) = c**3 - 10*c**2 + 5*c - 9. Let k(o) = o**3 - 10*o**2 + 7*o - 9. Let u(h) = -2*k(h) + 3*z(h). Determine u(10).
1
Let b = 17 - -17. Let h = 30 - b. Let s(r) = -2*r + 3. Calculate s(h).
11
Let u(s) = -s**3 + 10*s**2 + 13*s - 14. Let z be u(11). Let q = z + -6. Let p(v) = 3*v**3 + 5 + v**q - 2*v**3 + 0*v**3 - 4*v + 2*v**2. Give p(-4).
5
Let v(i) = i**2 - 2*i + 3. Let g be -1*(1 - 0 - 4). Let c(q) = q + 1. Let s be c(10). Suppose -4*j = -5*o + s, -o - j + g*j + 1 = 0. Calculate v(o).
6
Suppose -4*q - 20 = -6*q. Let j(d) = -11*d + 8*d**2 - q*d**2 - 5 + 4*d. Calculate j(-4).
-9
Let n = 34 + -18. Let g = 20 - n. Let j be 2*(1 - 10/g). Let i(x) = 3*x**2 + 5*x + 3. What is i(j)?
15
Let v = -131 + 132. Let l(s) = 19*s**3 - 2*s**2 + 1. Calculate l(v).
18
Let p(x) = 2*x + 1. Let c(r) = -r**3 + 5*r**2 - 10*r + 2. Let z(s) = 2*s**3 - 9*s**2 + 20*s - 5. Let b(u) = 13*c(u) + 6*z(u). Let d be b(10). Calculate p(d).
-7
Let t(m) = -m**2 + 6*m + 3. Suppose 68*y = 24*y + 220. Calculate t(y).
8
Let i(q) = 12*q + 10*q + 6355 - 6356. Calculate i(-2).
-45
Let p(t) be the third derivative of -t**5/60 + t**4/24 - 3*t**3 - 13*t**2 + 1. Give p(0).
-18
Let c(k) = -k**2 - 7*k - 9. Let a be c(-4). Let j(n) = 5*n**3 + n**2 - 19 + 8 + a + 7. Let g = -1 + 0. What is j(g)?
-5
Let b = 325 + -332. Let w(q) = q**2 + 5*q - 5. What is w(b)?
9
Let c(j) = -2*j**3 + 5*j**2 - 4*j - 2. Let y(t) = 3*t**3 - 7*t**2 + 6*t + 3. Let p(m) = -4*c(m) - 3*y(m). Let h = 0 - 0. Suppose h = -2*r - 4 - 0. What is p(r)?
15
Suppose -3*b - 27 = -6*b. Suppose w - b = 4*w. Let u(x) = 4*x + 3. Give u(w).
-9
Let d(p) = 839*p + 1 + 1 - 837*p. What is d(4)?
10
Let d(p) = 4*p**3 + 4*p**2 - 5*p - 11. Let t(x) = -x**3 - x**2 + x + 1. Let c(b) = -d(b) - 3*t(b). Give c(0).
8
Let t(u) = -u**3 - 2*u**2 - 24*u - 50. Let l be t(-2). Let m(x) = 2*x**3 + 3*x**2 - 1. Determine m(l).
-5
Let t(o) be the second derivative of -o**7/1260 - o**5/120 + 5*o**4/12 - 8*o. Let s(u) be the third derivative of t(u). Suppose q - 4 = -5. Give s(q).
-3
Let a = 1511 + -1516. Let k(r) = -3*r**2 - 5*r + 7. Give k(a).
-43
Let i(j) = -2*j + j + 4*j - 5*j. Let c(h) = 7*h. Let f be c(1). Suppose 5*m - 8 - f = 0. Calculate i(m).
-6
Suppose 1 = -4*z - z + 4*m, -3*m = -z - 9. Let s(u) = z - 2*u**3 - 1 - 2*u + 3*u**3 - 1. Let c be ((-3)/2)/(18/(-24)). What is s(c)?
5
Suppose -5*z - 66 = -21. Let d = z - -12. Let n(i) = -i**2 - 3*i + 2*i**2 + 0*i + 1. What is n(d)?
1
Let f(s) = s**3 - 4*s**2 + 3*s. Let p = 175 + -84. Suppose 4*u - 2*u = 70. Let x be (-6)/10 + p/u. What is f(x)?
-2
Let b(v) = v**2 - v. Let i(h) = 4*h - 34. Let q be i(9). Give b(q).
2
Let p(y) be the first derivative of y**3/3 + 2*y**2 - 219. What is p(-3)?
-3
Let q(i) be the first derivative of 2*i**3/3 - 2*i**2 - i + 4. Let f = 318 + -315. What is q(f)?
5
Let s(y) be the third derivative of -y**8/10080 + y**7/5040 - y**6/720 - y**5/5 + y**2. Let g(n) be the third derivative of s(n). Let r = 0 + -2. Give g(r).
-11
Let z(n) = -n**2 - n + 7. Let c be (16/(-6))/((-40)/(-12) + -4). Suppose 5*f = -2*x + x - 24, -c*x + 9 = -f. Determine z(f).
-13
Suppose 0 = 5*l + 2 + 3, -5*l - 25 = 4*a. Let b(h) = -h**2 - 2*h - 5. Determine b(a).
-20
Let t(x) = -8*x**2 + x + 1. Suppose -37 = -8*b - 21. Suppose 0*y + 2*y + 24 = -4*g, 0 = -b*y + 2*g + 6. Give t(y).
-33
Let p be (4/5)/(2/5). Let k(n) = -8*n**p + 3*n**3 + 8*n - 2*n**3 - 7 + 0. Calculate k(7).
0
Let u(p) = p**3 + p**2 + p - 2. Suppose 0 = 5*b - 10, 4*b = -4*d + 8 + 8. Give u(d).
12
Let j = -10 + 15. Let v be ((-8)/j)/(9/45). Let a(w) = -w**2 - 8*w + 4. What is a(v)?
4
Let o(l) be the second derivative of -l**3/6 - 5*l**2/2 + l. Let c be (-147)/12 + (-5)/(-4). Calculate o(c).
6
Suppose 0 = 7*s - 5*s - 28. Let x(p) = -p + 2. What is x(s)?
-12
Suppose 2*q - 22 = -8. Let c(j) = -q + 2 - 2*j + 0*j + 4 - 9*j**2. Suppose -4*a - 19 = -5*h, h - 9 = -3*a - 3*h. Give c(a).
-8
Suppose -3*b - 2*w + 12 = -28, -4*b + 3*w + 59 = 0. Let i(y) = -6*y + 31*y - 12*y - 2 - b*y - y**2. Calculate i(0).
-2
Let a(l) = 19*l**3 - 2*l**2 + 3*l + 3. Let w be a(2). Let d(v) = -2*v**2 - w*v + 159*v + 3*v**2 + 3. What is d(-6)?
3
Let n(y) be the